{"version":"1.0","provider_name":"Schlanser Magazin","provider_url":"https:\/\/www.schlanser.ch\/magazin","author_name":"admin","author_url":"https:\/\/www.schlanser.ch\/magazin\/author\/2895461\/","title":"Hier wird der Reiseadapter zur Pflicht - Schlanser Magazin","type":"rich","width":600,"height":338,"html":"<blockquote class=\"wp-embedded-content\" data-secret=\"mrpVcxSw0i\"><a href=\"https:\/\/www.schlanser.ch\/magazin\/hier-wird-der-reiseadapter-zur-pflicht\/\">Hier wird der Reiseadapter zur Pflicht<\/a><\/blockquote><iframe sandbox=\"allow-scripts\" security=\"restricted\" src=\"https:\/\/www.schlanser.ch\/magazin\/hier-wird-der-reiseadapter-zur-pflicht\/embed\/#?secret=mrpVcxSw0i\" width=\"600\" height=\"338\" title=\"&#8222;Hier wird der Reiseadapter zur Pflicht&#8220; &#8212; Schlanser Magazin\" data-secret=\"mrpVcxSw0i\" frameborder=\"0\" marginwidth=\"0\" marginheight=\"0\" scrolling=\"no\" class=\"wp-embedded-content\"><\/iframe><script type=\"text\/javascript\">\n\/* <![CDATA[ *\/\n\/*! This file is auto-generated *\/\n!function(d,l){\"use strict\";l.querySelector&&d.addEventListener&&\"undefined\"!=typeof URL&&(d.wp=d.wp||{},d.wp.receiveEmbedMessage||(d.wp.receiveEmbedMessage=function(e){var t=e.data;if((t||t.secret||t.message||t.value)&&!\/[^a-zA-Z0-9]\/.test(t.secret)){for(var s,r,n,a=l.querySelectorAll('iframe[data-secret=\"'+t.secret+'\"]'),o=l.querySelectorAll('blockquote[data-secret=\"'+t.secret+'\"]'),c=new RegExp(\"^https?:$\",\"i\"),i=0;i<o.length;i++)o[i].style.display=\"none\";for(i=0;i<a.length;i++)s=a[i],e.source===s.contentWindow&&(s.removeAttribute(\"style\"),\"height\"===t.message?(1e3<(r=parseInt(t.value,10))?r=1e3:~~r<200&&(r=200),s.height=r):\"link\"===t.message&&(r=new URL(s.getAttribute(\"src\")),n=new URL(t.value),c.test(n.protocol))&&n.host===r.host&&l.activeElement===s&&(d.top.location.href=t.value))}},d.addEventListener(\"message\",d.wp.receiveEmbedMessage,!1),l.addEventListener(\"DOMContentLoaded\",function(){for(var e,t,s=l.querySelectorAll(\"iframe.wp-embedded-content\"),r=0;r<s.length;r++)(t=(e=s[r]).getAttribute(\"data-secret\"))||(t=Math.random().toString(36).substring(2,12),e.src+=\"#?secret=\"+t,e.setAttribute(\"data-secret\",t)),e.contentWindow.postMessage({message:\"ready\",secret:t},\"*\")},!1)))}(window,document);\n\/* ]]> *\/\n<\/script>\n","thumbnail_url":"https:\/\/www.schlanser.ch\/magazin\/wp-content\/uploads\/2019\/02\/Wohnmobil.jpg","thumbnail_width":660,"thumbnail_height":361,"description":"\u00ab Steckdosen-L\u00e4nder f\u00fcr Schweizer Campingfreunde \u00bb Seit es den nahezu universellen Eurostecker gibt, ist das Reisen mit Elektroger\u00e4ten in Europa viel einfacher geworden. Schweizer Campingfreunde m\u00fcssen sich nur \u00fcberlegen, ob sie auf ihrer Tour die Schweiz verlassen werden. Statt einen Reisestecker f\u00fcr jedes Land einzupacken, reicht f\u00fcr die meisten sogenannten Steckdosen-L\u00e4nder ein Eurostecker Adapter. Warum &hellip;"}

« Steckdosen-Länder für Schweizer Campingfreunde » Seit es den nahezu universellen Eurostecker gibt, ist das Reisen mit Elektrogeräten in Europa viel einfacher geworden. Schweizer Campingfreunde müssen sich nur überlegen, ob sie auf ihrer Tour die Schweiz verlassen werden. Statt einen Reisestecker für jedes Land einzupacken, reicht für die meisten sogenannten Steckdosen-Länder ein Eurostecker Adapter. Warum &hellip;
